 + 5*p = 10. Is (h + -4)*(20073 + -8) a composite number?
True
Is ((-2)/(8/4))/((-14)/60603886) prime?
False
Let i = 111 - 101. Let g(b) = b**3 - 7*b**2 + 5*b + 47. Is g(i) prime?
True
Suppose 10*z - 15 = 5. Is 8/z - -3 - -8892 composite?
True
Suppose 45*t - 10*t + 36*t = 1586353. Is t a composite number?
False
Suppose -601396 = -12*b + 98000. Is b a composite number?
True
Let n be (-1819)/(2 - 1)*(-4)/(-4). Let y = 4826 + n. Is y prime?
False
Suppose 0 = -3*b + 3*c + 82257, -4*b + 32*c - 35*c = -109676. Is b a composite number?
True
Let s(m) = -209*m + 3. Let g be s(-6). Let q(a) = -18*a**2 - 15*a + 1. Let h be q(-3). Let b = g + h. Is b a composite number?
True
Suppose 0 = -18*p + 7*p - 22. Is ((-7996)/p)/(26/91) a prime number?
False
Let m(u) = -602*u - 12. Let i(w) = -13 + 8 + 9 + 201*w. Let s(k) = 11*i(k) + 4*m(k). Is s(-3) composite?
False
Let y = -7 - -8. Let a be 7*y - (7 - 7). Suppose 11969 - 34404 = -a*n. Is n composite?
True
Let j be ((11 - 12) + 4)*(-1882)/(-6). Is 4 + (-6 - -1) + j*6 a composite number?
True
Let z = 3291 - 1549. Is 6 + z*(-6)/(-12) composite?
False
Suppose 7*d + 42 = d. Let c(q) = 6*q**2 + 27*q + 184. Is c(d) composite?
True
Suppose 0 = f + 2*c - 174271, c = -27*f + 21*f + 1045725. Is f a prime number?
True
Suppose 9 + 11 = r. Suppose s - r = -4*s. Let q = 49 + s. Is q prime?
True
Suppose -v = -5*l - 4714, v = 3*l + 3641 + 1079. Let w = v - 2228. Is w a composite number?
True
Is (12/(-15))/(6/(-5))*(-4200666)/(-68) prime?
True
Suppose 0 = -4*p + 4*a - 20, -2 = -a - 0. Let l = 13 + p. Suppose -14*j = -l*j - 2588. Is j prime?
True
Suppose -u - 4*c + 32 = 0, 12 + 4 = 3*u - 4*c. Is 54680/u*18/12 prime?
False
Let j(s) be the third derivative of -s**4/24 - s**3/3 + 14*s**2. Let x be j(-5). Suppose 0 = -x*k + 4*k - 553. Is k composite?
True
Suppose -5*l + 695014 = 41*l. Is l a composite number?
True
Suppose 0 = -2*q - 718 + 726. Suppose -5*s = q*f - 98397, -21537 - 3041 = -f + 3*s. Is f prime?
True
Let m(j) = -10*j - 1. Let a be m(-1). Let w be 581 + a*4/12. Suppose -4*q - 709 = -5*n - 6*q, -4*q - w = -4*n. Is n a composite number?
True
Let i be 2*(0 + 3)/6. Is i/(-1 + 2)*1721 a prime number?
True
Let z(t) = 738*t + 5. Let w be z(5). Let u be 16/(-12)*(-297)/(-24)*(-6)/9. Suppose w = u*k - 6*k. Is k prime?
True
Suppose 0 = -2*t + 3*l + 1007650, -100*l = -101*l - 4. Is t prime?
True
Let k be (-1)/(-5) + (-342)/(-90). Let y be ((-7)/4)/(k/(-368)). Suppose 3*o = 4*o - y. Is o a prime number?
False
Is ((-63)/(-14) + -11)*-16754 composite?
True
Let a = -3106 + 11693. Is a composite?
True
Let v(w) = 7578*w + 749. Is v(6) composite?
True
Suppose 16*g - 5*k = 18*g - 60803, -4*k - 60758 = -2*g. Is g a prime number?
True
Suppose 5*y - 467702 = -2*b + 703677, -5*b + 2928434 = -y. Is b prime?
False
Suppose -141 = -12*c + 291. Suppose 0 = o + 166 + c. Let y = 437 + o. Is y a composite number?
True
Let s(u) = 146*u - 6. Let r(n) be the third derivative of -n**6/120 - n**5/10 - 5*n**4/24 + 5*n**3/3 - 19*n**2. Let v be r(-5). Is s(v) a composite number?
True
Let i(w) = -4*w - 84. Let q be i(-20). Is 5/q + 169158/88 prime?
False
Suppose n + 13515243 = -n + 23*n. Is n prime?
True
Suppose 4453 + 13740 = 4*f + 5*h, 3*h + 22732 = 5*f. Suppose 4361 = 4*m - f. Is m prime?
False
Let i(q) = 8807*q**2 - 15*q - 15. Is i(-1) a prime number?
True
Let y(q) = -3240*q + 4. Let u be y(-6). Let w be 2/((-2)/(-5)*445/1869). Suppose 25*o = w*o + u. Is o a composite number?
False
Suppose -84686231 = -78*h - 41*h. Is h a prime number?
True
Let v = -7083 + 28330. Is v prime?
True
Let l(j) = -9*j - 155. Let s be l(-20). Is 20 - s - (-3615 - -3) a composite number?
False
Suppose 18*z - 109498 - 195476 = 444672. Is z a prime number?
True
Suppose 11*o - 14*o + 12 = 0. Suppose -m + 10 = 5*k + 3, o*m = 5*k + 3. Suppose m*c - 160 = 510. Is c prime?
False
Let q be 1*(6/(-14) - (-62)/14). Suppose 2*k - 6598 = -q*f, 0*f = -2*f - 2*k + 3300. Let m = 3670 - f. Is m a composite number?
True
Suppose -28*w + 51476 = -3628592. Is w a composite number?
False
Let b(t) = -t**3 - 9*t**2 + 5*t - 27. Let w be b(-17). Suppose -5*a - 4*d + 10453 = w, -6 = -3*d. Is a a prime number?
False
Let v be (5/2 - 1) + (-3882)/12. Let b be (27 - v)/((-1)/(-9)). Suppose 0 = 11*o - 1006 - b. Is o composite?
True
Suppose 4*b - 8 = -4*i, 2 = -4*b - 10. Suppose i*l - y - 10 = 16, 0 = -3*y - 3. Suppose l*h = -5*o + 31220, -2*o - 3*h - 4032 = -16517. Is o a composite number?
False
Suppose -4*c + 153903 = -4*k - 200325, -2*k + 88545 = c. Is c composite?
True
Let a be 1/(-2) - (6 + 38/(-4)). Let z be (2/(-4) - 0)/(a/(-6078)). Suppose -v = -z + 206. Is v prime?
False
Suppose -504*i + 15 = -507*i. Is i/((-120)/205941) - 2/(-16) a prime number?
True
Suppose 5*o - 12*n = -9*n - 5689, 0 = -5*o - 5*n - 5665. Let s = -318 - o. Is s a composite number?
True
Suppose 5*u = -d + 134 + 1303, -d + 3*u = -1461. Suppose -3*z + 5690 = -2*g - d, 3*g = -3*z + 7122. Let t = -1309 + z. Is t prime?
True
Suppose -318*y - 538092 = -336*y. Is y a prime number?
False
Let d be -1 + 234785/(-30) + 4/24. Let s = -4996 - d. Is s a prime number?
False
Let x = -7342 + 4012. Let s = 6109 + x. Is s a composite number?
True
Suppose -g - 4*g - 5*y + 20 = 0, 0 = -3*g - 5*y + 22. Let q be (-17 - -12)/(-3 + -2). Is (q/1 + 66)*(g + 3) a prime number?
False
Let s(q) be the first derivative of 19*q**6/180 - q**5/30 + 7*q**4/24 + 11*q**3/3 + 11. Let l(z) be the third derivative of s(z). Is l(-5) a composite number?
False
Let d(p) = -177*p - 619. Let t(g) = -89*g - 309. Let h(j) = 4*d(j) - 7*t(j). Is h(-24) a prime number?
False
Suppose 0 = -0*j + 5*j - u - 89, -5*j - 3*u = -93. Suppose 15*d + 12378 = j*d. Is d prime?
False
Let n = 23703 - 41725. Let h = -11825 - n. Is h a prime number?
True
Suppose 21736 = 5*c - p, 0 = 5*c + 4*p - 0*p - 21756. Suppose 0 = 18*m - 14*m - c. Is m a prime number?
True
Let r(q) = 2*q**3 - 5*q**2 - 28*q - 22. Let h = -328 - -341. Is r(h) a prime number?
True
Let p = -2256 + 6080. Suppose -3*x + 3 + 0 = 0, 5*x = z + 25. Is p/z*((-5)/2 + 0) a prime number?
False
Suppose 8*h + 396579 = 1128523. Is h a composite number?
False
Suppose 42*m - 11*m - 18637190 = -79*m. Is m a composite number?
True
Suppose 16*x + 320746 = 899834. Is (x/(-34))/(3/(-6)) a prime number?
True
Let b be (649/(-22))/(1*(-1)/3118). Suppose -3*i = -i + 4*q - 36810, 5*i - q - b = 0. Is i a prime number?
True
Suppose 2*c + 5*u - 6771 = 0, 1529 = 4*c + u - 11986. Let r(d) = -d + 1. Let s be r(-1). Suppose -2*q = 8, -2*i - s*q = -0*q - c. Is i prime?
True
Is (0 - -278)/((12/8196)/((-3)/(-6))) a prime number?
False
Let f be (14/3)/(77/21 - 3). Suppose -3*m = -5*l + 28907, f*m - 4*m + 23128 = 4*l. Is l composite?
False
Suppose 0 = -3*h + 2*z + z + 12, 2*h + 2*z = 4. Suppose h*s - 2*j - 27705 = 0, 0 = -5*s - 3*j + 14872 + 31284. Is s a composite number?
True
Let f(i) be the first derivative of -11*i**2 - 29*i - 1. Suppose 0 = 5*s - 4*x + 32, 3*s + 40 = -6*x + 46. Is f(s) a prime number?
True
Suppose -1780983 = -50*k + 69367. Is k prime?
False
Let r = -464 + 1930. Suppose x - 5*o - 2142 = 0, -3*x - 2*o - 3867 = -10378. Let t = x - r. Is t prime?
True
Let x = -105 - -153. Suppose 57*s = x*s + 4869. Is s a prime number?
True
Let q = 81 + -55. Suppose 4*j - q = -6. Suppose 5*i = -j*o + 1050 + 3395, -3*i = 4*o - 3554. Is o a composite number?
False
Let t(v) = -3944*v + 4383. Is t(-76) composite?
False
Let a be 1/4 + -3*15/(-12). Suppose 0 = a*n - 112 + 8. Suppose -n*i + 25*i = -1657. Is i a composite number?
False
Suppose 20*b - 2 = 18*b. Let w(h) = 3*h**3 - 1. Let r be w(b). Suppose r*f - 475 - 607 = 0. Is f composite?
False
Let g(f) be the second derivative of 67*f**4/6 + f**3/6 - 21*f**2 - 105*f. Is g(11) prime?
True
Suppose 4*c + 334 = -326. Let d = 656 + c. Is d a prime number?
True
Suppose 0 = 19*u - 76 - 19. Suppose -u*v + 9096 + 10579 = 0. Is v prime?
False
Let j(q) = 155*q**2 - 12*q - 4. Is j(9) prime?
False
Let g(q) = -q**3 - 9*q**2 + 17*q + 12. Let x(y) = 51*y**3 + y**2 + 2*y - 2. Let j be x(1). Suppose 0 = 6*d - 2*d + j. Is g(d) composite?
False
Suppose -12208*x + 12211*x - 18437 = 7090. Is x a composite number?
True
Let p be 0 + 2 - (-726 - -11). Let f = -271 - -3801. Let z = f - p. Is z composite?
True
Suppose 18*p - 16 = 14*p. Suppose 0 = -p